be (12/16)/(3 - 44/16). Suppose -v*o + 34*o - 620 = 0. What is the greatest common factor of o and 68?
4
Suppose -4*j + 41359 = 7*j - 29745. What is the highest common divisor of 101 and j?
101
Let k be (-10)/((-3151)/(-37444) + 2/(-22)). What is the greatest common divisor of 80 and k?
40
Let x be (33/9 + -3)*30. Suppose -4*w - 2*t + 324 = 0, w + 109 = -3*t + 195. Calculate the greatest common factor of x and w.
20
Suppose 12*w - 3422 = 2 - 580. Calculate the highest common factor of w and 18723.
237
Suppose 4*s + s - 1874 = -w, -755 = -2*s + 5*w. Calculate the highest common factor of 2 and s.
1
Let a(b) = -153*b + 5. Let k(s) = -51*s + 2. Let o = 70 - 53. Let t(i) = o*k(i) - 6*a(i). Let z be t(1). Calculate the greatest common factor of z and 11.
11
Let d be 6 - (6 - 5 - -1). Suppose 5*u - 2*l = 1267, 7*u + l - 769 = d*u. What is the highest common factor of u and 15?
15
Let d = -174 + 216. Let p = 104 - d. Calculate the highest common factor of p and 992.
62
Suppose 11*n - 4*n = -1694. Let y = n - -338. What is the greatest common divisor of 64 and y?
32
Let a = 150 - 150. Let h be (-35 - -39) + (a - -5). Suppose -3*m = -0*m - 108. What is the greatest common divisor of m and h?
9
Let r(w) = -111*w - 3. Let u be r(-6). Suppose -4*i - 199*o = -195*o - 180, -4*i - 3*o + 186 = 0. What is the greatest common divisor of u and i?
51
Suppose 116*l = 88*l + 17780. What is the greatest common divisor of 254 and l?
127
Suppose -30*w - 5712 = -37*w. Suppose -32*p + w = -8*p. Calculate the highest common divisor of p and 34.
34
Let l be ((1/(-7))/(17/238))/((-1)/311). What is the highest common factor of 24569 and l?
311
Suppose 0 = 2*n + 6, 6*n - 4*n + 9 = q. Let h be 0/7 - q - -68. Suppose 3*m - 21 - 18 = 0. What is the highest common divisor of m and h?
13
Suppose 5*n - 2675 = 5*u + 1135, -3*n + 2280 = -5*u. Calculate the highest common divisor of n and 2448.
153
Let m = 1 - -33. Let r = -31 + m. Let b be -3*23*(2 + 0 - r). What is the highest common factor of 46 and b?
23
Let p be ((-558)/20 + 21/(-35))*-22. What is the greatest common divisor of 528 and p?
33
Let f be 28/(-12)*(-140)/490 + (-211)/(-3). Calculate the highest common factor of 5396 and f.
71
Let m = 39 + -34. Suppose -170 = -m*z - v + 6*v, 0 = -5*z + 2*v + 158. Let o be ((-45)/6)/(1/(-10)). What is the highest common factor of o and z?
15
Let k(p) be the second derivative of p**3/6 + 31*p**2/2 + 21*p. Let a be k(13). Let l be -2 + a + -1*2. Calculate the greatest common factor of 440 and l.
40
Let z be (-3 - 4)*1*((-1)/(-4))/(392/(-224)). Suppose 4*m + 5*g - 34 = 10, -2*m = -3*g - 22. What is the greatest common factor of m and z?
1
Let t = -4143 - -4188. Calculate the greatest common factor of t and 765.
45
Let m = -119 + 121. Suppose -m*q = 2*l - 16, 10*q - 16 = 5*q + 3*l. Calculate the greatest common divisor of q and 15.
5
Let o = 45 + -31. Let p be ((99/(-33))/(6/92))/(-1)*14. What is the greatest common factor of o and p?
14
Let m be 461 - ((9 + -105)/6 + 9). Calculate the highest common factor of 3328 and m.
52
Let i(l) be the first derivative of l**3/3 - 15*l**2/2 + 20*l - 187. Let h = 31 - 17. Let o be i(h). What is the highest common divisor of 30 and o?
6
Let q(g) = 2*g**2 - 10*g + 206. Let a be q(10). What is the greatest common factor of 119 and a?
17
Suppose 0 = 2*d - 5*d + 60. Suppose -d*w = -24*w + 64. What is the highest common divisor of w and 304?
16
Let x be -1 + 1*((0 - 210) + -4). Let c = x + 281. Suppose -5*k + 2*z + 25 = -5, 3*k - z = 18. What is the highest common divisor of c and k?
6
Suppose 0 = 5*x - 2*u - 16, -2*x + 7*x - 26 = -3*u. Let g(l) = 86*l + 538. Let f be g(-3). Suppose x*y - f = -16. What is the highest common factor of y and 6?
6
Let a be 168/(-2)*8/(-36) - 74/111. Calculate the highest common divisor of 19 and a.
1
Suppose 19*j - 3962 + 511 = -10*j. What is the greatest common factor of j and 6103?
17
Let o be (27 + -32)*4*(-7 + 0). Let c(f) = f**3 - 6*f**2 - 3*f - 8. Let i be c(7). What is the greatest common divisor of o and i?
20
Let n(m) = m + 25. Let h = -129 + 125. Let r be n(h). What is the highest common factor of 49 and r?
7
Let m = 69 + -21. Let q = -94 + m. Let d = q - -66. Calculate the highest common divisor of d and 5.
5
Let y(c) = -c**3 - 5*c**2 + 7*c - 11. Let n be y(-7). Let g = -37 + n. Let m be 15/g - (-2)/2. Calculate the greatest common divisor of m and 2.
2
Let o(z) = 4*z**2 - 100*z + 696. Let m be o(12). Calculate the greatest common factor of 8424 and m.
72
Let c(r) = -22 - 18*r - 37 - 25 + 56 - r**2. Let d be c(-16). Let p be -6*((-8)/6 + 1). Calculate the greatest common factor of d and p.
2
Let a be 8*517/(-121) + 4/22. Let y(l) = l**2 + 31*l - 85. Let i be y(a). What is the highest common factor of 34 and i?
17
Let b be 22/(1*(0 - -1)). Suppose 115*m + 457 - 14635 = -263. What is the highest common factor of b and m?
11
Suppose -4*g - 2*j + 68 = 0, -3*j - 122 + 44 = -3*g. What is the greatest common divisor of 7690 and g?
10
Let w(q) = -9 - 22*q + 5*q + 128 + 9*q. Let b be w(7). Calculate the greatest common divisor of b and 7.
7
Let m be (-24)/(-14)*(12 - 26)*372/(-8). What is the greatest common factor of 252 and m?
36
Let u be (-3 + 3 - -15) + -3. Let v be 45/(-20)*(-16)/u. Let g = 16 + v. Calculate the highest common divisor of 57 and g.
19
Suppose 4*o - 3*r = -5 - 24, 3*o - 2*r = -21. Let q(t) = t + 11. Let l be q(o). Let b be (-2)/(2/2)*(-93)/l. What is the greatest common factor of 155 and b?
31
Suppose -49 = -4*i - 1. Let u = 23 - i. Let c be 120/(-1020) - 937/(-17). Calculate the highest common divisor of u and c.
11
Suppose -o = 3*l + 5, o - 4 = 2*l + 1. Suppose -3*u + p - 8 - 2 = 0, 4*p = 2*u. Let v be ((-44)/16 - l)*u. What is the highest common factor of 15 and v?
3
Let w(t) = 151 - 273 - 12*t + 145 + t**2. Let j be w(15). Calculate the highest common divisor of j and 238.
34
Suppose 459 = -261*s + 1070 + 2782. Suppose -h = -176 + 33. Calculate the highest common divisor of s and h.
13
Let l(m) = 16 + 10*m**2 - 4761*m - m**3 + 14 + 4774*m. Let f be l(12). Let a be (1 - 0 - 6)/(17/f). Calculate the highest common factor of a and 150.
30
Suppose 5*i + 13*o = 18*o + 4020, -4028 = -5*i + o. Calculate the greatest common divisor of i and 155.
31
Let q be (-180 - -111)/((0 + -1)/54). Calculate the greatest common divisor of q and 27.
27
Let g(t) = 21*t**2 + 10*t + 47. Let h be g(-5). Let u = h + -242. What is the greatest common factor of 20 and u?
20
Suppose -240*r = -245*r + 420. Let b be ((-120)/35)/((-4)/r). Calculate the highest common divisor of b and 9.
9
Let p be (1/(-7)*2442)/(317/(-2219)). What is the greatest common divisor of p and 198?
66
Suppose 0 = 2*b - 18, 42*b - 36 = -z + 47*b. What is the greatest common factor of 2511 and z?
81
Let s be -4 + -16 + 1/(-1) + 5. Let b(r) = -r**3 - 15*r**2 + 15*r + 26. Let q be b(s). Calculate the highest common divisor of 96 and q.
6
Let c(i) = 2*i**2 + i. Let k be c(1). Let b be (-18)/(-4) + k/2. Suppose -26*d + 42 = -19*d. What is the greatest common factor of d and b?
6
Let q(b) = b**3 - 4*b**2 - 9*b - 8. Let v be q(6). Suppose -3*i - 65 = -v*y + 5*y, 3*i = 0. Let u = -49 - -88. What is the greatest common factor of y and u?
13
Let m = 11 + -7. Suppose 0 = -10*s + 154 + 146. Suppose -150 = -12*k - s. Calculate the greatest common factor of k and m.
2
Suppose -25*j + 1802 + 3973 = 0. Suppose 23*a - 60 = 262. What is the greatest common factor of j and a?
7
Suppose 0*l = -3*l + 33. Let a = 14229 - 14108. Calculate the greatest common divisor of l and a.
11
Let q = 54272 + -54095. Suppose -1 = k - 4. Calculate the greatest common factor of k and q.
3
Let g(h) = -15*h + 6. Let i be g(2). Let c be 149/(-7) - 1 - i/84. Let w = 28 + c. Calculate the greatest common factor of 9 and w.
3
Let h = -3534 + 3604. What is the highest common factor of h and 2135?
35
Let v = 1167 - 1140. Suppose 10*z + 18 = 11*z. What is the greatest common factor of v and z?
9
Let u(f) = -2*f**2 + 6*f + 4. Let k be u(6). Let o = -501 - -558. Let s = o + k. What is the greatest common divisor of s and 225?
25
Suppose 4*w = 5*w - 5*b + 121, 2*b + 107 = -w. Let v = w - -178. What is the highest common factor of 134 and v?
67
Suppose 586*t - 578*t - 1488 = 4952. Calculate the highest c